 t(-10)?
3, 29
Let g = 253 - 251. Suppose 147 = -g*y + 557. What are the prime factors of y?
5, 41
Let b = 13682 + -2806. What are the prime factors of b?
2, 2719
Let d be 45/36*((-2 - -2) + 4). Suppose -104 = -d*k + 321. List the prime factors of k.
5, 17
Let k be 13/3 + 12/(-9). Let y be (-1 - 7)*(5/2 - k). List the prime factors of 16*y/((-4)/(-5)).
2, 5
Let c(p) = 2326*p - 111. List the prime factors of c(5).
11519
Let f(t) be the first derivative of -2*t**3/3 - 20*t**2 + 13*t + 26. What are the prime factors of f(-18)?
5, 17
Let h(r) be the first derivative of -5*r**2/2 - 17*r + 19. Let s be h(-3). What are the prime factors of ((-57)/s + 2)/(5/10)?
61
List the prime factors of (75 + -44 - 26)*(-2)/(4/(-1438)).
5, 719
Let t(f) = 2361*f + 8. List the prime factors of t(2).
2, 5, 11, 43
Let n be ((-615)/(-5))/(3/(-2)). Let r be n/(-3) - (-18)/27. Suppose 2*h + 2*c - 168 - r = 0, 0 = -5*h + 5*c + 490. What are the prime factors of h?
2, 7
Let s(b) = 210*b**2 + 40*b - 222. List the prime factors of s(5).
2, 1307
Let o = 600 - 1037. Let n = -103 - o. What are the prime factors of n?
2, 167
Suppose -4*i - 815 = -2*t - 5853, -2516 = -2*i + 2*t. What are the prime factors of i?
13, 97
Suppose -20*p = 3*p - 96370. Let v = -2495 + p. List the prime factors of v.
3, 5, 113
Let i(a) = 8*a**2 - 13*a + 919. Let o(t) = -3*t**2 + 6*t - 460. Let w(k) = -2*i(k) - 5*o(k). List the prime factors of w(0).
2, 3, 7, 11
Let c(l) = 1280*l - 4575. What are the prime factors of c(20)?
5, 29
Let t(u) = u**3 + 10*u**2 + u - 4. Let c be t(-4). Let o = 14273 + -14269. Suppose c = o*f + 8. What are the prime factors of f?
2, 5
Let d = 8499 - 7725. List the prime factors of d.
2, 3, 43
Suppose -10*u + 48 = 2*u. Suppose -d + 4*d + 4*o + 14 = 0, -u*d + 18 = -2*o. Suppose 3*r + 4*c = 2*c + 302, 2*r - d*c = 188. What are the prime factors of r?
2, 7
Suppose -5*y = -y + 3*n + 1250, -n = y + 313. Let t be (-13)/52 + y/4. What are the prime factors of (t/(-8))/((-2)/(-8))?
3, 13
Suppose -33823 = -3*n + 3369*p - 3364*p, -5*p + 5 = 0. What are the prime factors of n?
2, 2819
Let q(h) = -15*h**2 - 5*h**3 + 12 + 2*h**3 + 7 + 2*h**3. What are the prime factors of q(-16)?
5, 11
Suppose 5*a + 56890 = 5*v, -v - 12*a + 15*a + 11366 = 0. List the prime factors of v.
2, 1423
Let g(x) = 5*x + 190. Let d be g(23). What are the prime factors of (-4)/(-10) + 86193/d?
283
Let t = 107005 - 58217. What are the prime factors of t?
2, 12197
What are the prime factors of ((-6)/18 - (-121742)/15) + 9/45?
2, 2029
Let o = 37485 + -17145. Suppose -6*l + 21*l = o. List the prime factors of l.
2, 3, 113
Let c(q) be the second derivative of 193*q**4/12 + q**3/2 - q**2/2 - 50*q. What are the prime factors of c(-2)?
3, 5, 17
Suppose 29*m - 3*g + 2717 = 30*m, 5424 = 2*m + 4*g. List the prime factors of m.
2, 7, 193
Let z(c) = 7*c - 42*c**2 - 86*c**2 + 5*c**2 - 12. Let r(g) = 184*g**2 - 10*g + 18. Let p(o) = -5*r(o) - 8*z(o). What are the prime factors of p(1)?
2
Let g(h) = -2*h**2 + 16*h + 30. Let x be g(9). Let k(o) = -1 + 1 + x - 48*o. List the prime factors of k(-3).
2, 3, 13
Let r(l) = 46*l - 10. Let g(j) = -j**3 + 28*j**2 - 27*j + 5. Let s be g(27). What are the prime factors of r(s)?
2, 5, 11
Let v(f) be the second derivative of 105/2*f**2 + 1/20*f**5 + 1/6*f**3 + 1/12*f**4 + 8*f + 0. What are the prime factors of v(0)?
3, 5, 7
Suppose 0 = -3*s + 2*m + 6906, 19*m - 9 = 16*m. List the prime factors of s.
2, 3
Let v be -1 - 1 - (5 + -4) - 2. Let t = 4 + v. What are the prime factors of t/7 - (-2862)/42?
2, 17
Suppose -2 = 2*c, -34*l + 37*l + 3*c = 46917. List the prime factors of l.
2, 5, 17, 23
Let s = 5181 - -9534. List the prime factors of s.
3, 5, 109
Suppose 0 = -12*s + 16*s - 164. Let b = s + -41. Let h(g) = -g**3 + g + 100. What are the prime factors of h(b)?
2, 5
Let v(g) = 138*g**2 - 43*g - 73. List the prime factors of v(-8).
9103
Suppose 13920 = 3*j + 13*j. Suppose 3*r + k - j = -k, 3*k = -9. Let n = r - 138. What are the prime factors of n?
2, 7, 11
Suppose 2*v + 1 - 7 = 0, 2*v - 13 = -k. What are the prime factors of (-7401)/(-12) + (-5)/(k + -27)?
617
Let q(i) = -12*i - 90. Let v be q(-10). Suppose -33*b = -v*b - 975. What are the prime factors of b?
5, 13
Suppose -5*z = -2*z - k, -4*z = -4*k. Suppose 5*m + 10 = z, 3*j + 2*m - 86 - 657 = 0. What are the prime factors of j?
3, 83
Suppose 52*o - 8 = 44*o. List the prime factors of ((o - -11) + -9)*1175/3.
5, 47
Suppose -3*i + 4*w = -178844, 215*w = -5*i + 213*w + 298030. List the prime factors of i.
2, 7451
Let c be (-5140)/28 - 12/28. Let i = -51 - c. What are the prime factors of i?
7, 19
Let b(q) = -63*q - 18. Let n(k) = k - 7. Let p(g) = g - 8. Let o(j) = 2*n(j) - 3*p(j). Let s be o(12). What are the prime factors of b(s)?
2, 3
Suppose 4*g = -5 + 17, -l - g = -25. Suppose -w = 5*n - 42, 4*n - 3*w - l = 2*w. List the prime factors of n.
2
Let y = 6468 + -5396. List the prime factors of y.
2, 67
Let t(y) = 34*y + 68. Let i be t(7). Let x = i - -1716. List the prime factors of x.
2, 3, 337
Let h = -113462 + 159312. List the prime factors of h.
2, 5, 7, 131
Let s = -2212 + 3741. What are the prime factors of s?
11, 139
Let s = -62607 - -97162. What are the prime factors of s?
5, 6911
Let a(z) be the first derivative of z**4/4 + 26*z**3/3 + z**2/2 + 34*z - 3. Let v be ((-9280)/36)/10 - 4/18. List the prime factors of a(v).
2
Let l(d) = 5*d**2 - 43*d - 47. Let z be l(19). Let q = -439 + z. List the prime factors of q.
2, 251
Let h = 37 + -35. Suppose -v - v = 4*x + 340, 0 = h*v - x + 345. Let f = v + 265. What are the prime factors of f?
3, 31
Let l = 134 + -142. Let a(i) = -i**3 - 7*i**2 - 6*i + 20. List the prime factors of a(l).
2, 3, 11
Let a = -194 + 196. Suppose -3*k = 4*d - 3731, a*d + d - 2814 = 3*k. What are the prime factors of d?
5, 11, 17
Let l = 221 - -854. Let b = 1841 - l. List the prime factors of b.
2, 383
Let r = -270 - -1168. List the prime factors of (30/12 - 2)/(1/r).
449
Let p(y) = -y + 7. Let t be p(3). Suppose -v + 4*z = 3*v - t, -5*z - 5 = 3*v. Suppose v = -4*x + 3*k + 1015, 0 = k + k + 10. What are the prime factors of x?
2, 5
Let g = -2618 - -2626. Let m(b) = -5 + 22*b + 4 - 24. List the prime factors of m(g).
151
Suppose x - 34512 = -f, 172524 = 5*x - 219*f + 220*f. List the prime factors of x.
3, 7, 31, 53
Let p = 36 + -36. Suppose 12*x - 38*x + 19318 = p. What are the prime factors of x?
743
Let y be 4*3/(-14)*(-14)/3. Suppose -4020 = -y*z + 2*i, 5*z + 0*i = -3*i + 5003. What are the prime factors of z?
17, 59
Let y be 5404/18 + 2/(-9). Let t = -146 + y. Let s = t + -79. What are the prime factors of s?
3, 5
Suppose -3*s - 5*h - 1 = 0, -3*s + 3*h - h + 13 = 0. Suppose s*k + f = -48, -k - 2*f - 22 = -1. List the prime factors of (-1)/(-3) + (-1795)/k + 1.
11
Suppose 0 = 5*s - 11 + 51, -4*s = -3*d + 56990. List the prime factors of d.
2, 11, 863
Let l(f) be the first derivative of 3*f**3 + 11*f**2 + 11*f - 136. What are the prime factors of l(4)?
3
Suppose 5*d = 0, -3*j + 114 + 177 = -d. Suppose -92*u - 510 = -j*u. Suppose u = 3*v - 72. What are the prime factors of v?
2, 29
Let z be (14/(-4) - -1)*(-156)/65. Suppose 4337 = z*h + 251. What are the prime factors of h?
3, 227
Let k(t) = 2*t + 27. Let g be k(-7). Let p be (19 + -2)/((13/2)/g). What are the prime factors of (p/(-4))/(8/(-96))?
2, 3, 17
Let k = -26 - -26. Let r be 0*(-5)/20 - k. What are the prime factors of (-26)/(r + 1/(-6))?
2, 3, 13
Let l = -74 + 76. Let c = 10 - l. List the prime factors of 0 + (31/(-2))/((-4)/c).
31
Let y be (-3 + 4 + 2)*(1 - 0). Suppose -5 = y*p - 62. List the prime factors of (p/(-4))/((-6)/24).
19
Let y(r) = -4*r**2 + 4*r + 9. Let j(s) = s**2 - 1. Suppose 3*x + 19 = -5*q, -2*q + 3*x = -2 - 3. Let a(b) = q*j(b) - y(b). List the prime factors of a(-3).
23
Let d(y) = -y**3 + 3*y**2 + 9*y + 7. Let u be d(5). Suppose -4*z + 76 = -u*z - 2*a, -5*z - 3*a + 230 = 0. Let f = z - -7. What are the prime factors of f?
2, 5
Suppose 2*h - 531*z = -534*z + 4350, 2193 = h - 3*z. What are the prime factors of h?
3, 727
Suppose -5*b = 15, -2*y + b - 240 = -5*y. Let f = 83 - y. List the prime factors of f.
2
Let c = 45 + -42. Let i(a) = -23*a**3 - a - 6*a**c + 6 + 5*a + 3. List the prime factors of i(-2).
233
Let s(f) = 1264*f**3 - 22*f + 1. Wh